he hundreds digit of d?
2
Let j = -315 - -327. Let d be (-1 + (2 - 2))*-3. What is the tens digit of -1*(d/j + -1)*64?
4
Let w = 89 - -6. Let m = w + -28. Let a = m + -43. What is the tens digit of a?
2
Let w = -8 - 1. Let j be (-2 + (-15)/w + 2)*183. What is the units digit of (-8)/10*j/(-2)?
2
Let n = 61 - -183. Suppose 737 = 3*o - n. What is the tens digit of o?
2
Let a = 1921 - 462. What is the units digit of a?
9
Let i = 16341 + -7451. What is the thousands digit of i?
8
Let t(f) = -f**2 - 16*f - 22. Let b be t(-11). Let g be 6/b - 36/(-44). What is the units digit of g - 1 - (-43 - -11)?
2
Let x(b) = -b**3 - 5*b**2 + 4*b - 7. Let v be x(-6). Suppose o - 2288 = z - 4*z, v*o = -2*z + 1521. What is the tens digit of z?
6
Let s be (324/(-126))/(6/(-112))*1. What is the hundreds digit of 34/(3 + (-142)/s)?
8
Let g(f) = 5*f**2 + 54*f - 506. What is the thousands digit of g(15)?
1
Let u(x) = 11 + 32*x**2 + 8*x + x + 47*x**2 + 3*x. What is the hundreds digit of u(-2)?
3
Let s(r) = -r**3 - 10*r**2 + r - 42. Let o be (-4 + (-6)/(-2))*10. Let d be s(o). Let y = d + 75. What is the tens digit of y?
2
Let t = 12 + -14. Suppose -6*j - 3*l - 18 = -j, -17 = 4*j + 5*l. What is the units digit of j*8/48 - 219/t?
9
Let y be ((-180)/75)/((-4)/10) + -2. Suppose -22*a = -18*a + y, 3*u - 1455 = 3*a. What is the hundreds digit of u?
4
Suppose -z + 16*z - 19455 = 0. Let p = z - 277. What is the tens digit of p?
2
What is the ten thousands digit of 87479/4 + (-1925)/(-100) + -18?
2
Let o(y) = -y**3 + 10*y**2 - 11*y + 20. Let v be o(9). Suppose -3*z + 3 = -v*z. Suppose 0 = z*d - 4*s - 234, 0 = 4*s - 4 - 8. What is the tens digit of d?
8
Let h(p) = -2*p + 83. Let g(m) = m**3 - 14*m**2 + 13. Let t be g(14). What is the units digit of h(t)?
7
Suppose 9*c - 1 = -1. Let z be 3 - (c - 0) - 3. What is the units digit of ((-92)/(-10))/((-6)/(-90) - z)?
8
Let x(w) = -4*w + 5. Let o be x(3). Let v(f) = -58*f - 193. What is the units digit of v(o)?
3
Let f be (5 - 6) + 7/((-14)/(-198)). What is the hundreds digit of (-2)/8*2 + 75999/f?
7
What is the hundreds digit of -13215*(0/(-18) + -3)?
6
Suppose -3*q - 2*l = 3008, 0 = 3*q - l + 1473 + 1532. Let m = q + 1415. What is the units digit of m?
3
Let i be (-2)/(-16) - 819/24. Let s = i + 37. Suppose s*f - 86 = 139. What is the tens digit of f?
7
Let d be (-36)/20*40/12*1. What is the tens digit of ((-832)/d)/(1*3/9)?
1
Let f = 283 + -87. Let h = 300 - f. What is the hundreds digit of h?
1
Suppose -5*j + 34 = -r + 3*r, 18 = 2*r + j. Suppose n - 40 = -5*c, -2 = -2*c + n + r. Suppose -c*f - 145 = -502. What is the tens digit of f?
5
What is the thousands digit of (31944/352)/(3/496)?
5
Let z = -24592 - -53708. What is the hundreds digit of z?
1
Suppose -216047 = 38*s - 951385. What is the ten thousands digit of s?
1
Let t be (14 - 26)*(0 - (-1)/2). Let p(x) = 2*x**3 + 3*x**2 + 7*x - 13. Let r be p(t). What is the tens digit of 40/(-12) + 3 - r/3?
2
Let o = 82785 + -19062. What is the hundreds digit of o?
7
Let d(p) = p**3 + 31*p**2 - 30*p + 73. Let a be d(-32). What is the units digit of (-45)/a - (-416 + -2)?
3
Let v = 22 - 18. Let z = 428 + -173. Suppose -v*i + 9 = -z. What is the units digit of i?
6
Let u = -36 + 44. Let t(p) = 4*p - 7. Let z be t(u). Suppose -2*w + z + 61 = 0. What is the units digit of w?
3
Let h(z) = 20*z**3 - z**2 + 46*z - 176. What is the units digit of h(5)?
9
Let z be 1/((3 + -8)/(-530)). Let r = 234 - z. What is the tens digit of r?
2
Let l be 1*(-2)/(-10) + 10/(-50). Suppose l = -11*v - 37*v + 54528. What is the thousands digit of v?
1
Suppose -2*y + 5*t + 2591 = 0, -36*t + 33*t = 3*y - 3897. What is the tens digit of y?
9
Let t be ((-1044)/(-11))/6 - 6/(-33). Suppose -t*d + 32*d = 3456. What is the units digit of d?
6
Let n(s) = 8*s**2 + s**2 + 3*s - 19 - s**3 - 4*s - s. Let d be (-10)/2 - -7 - -6. What is the tens digit of n(d)?
2
Let w(o) = 33*o**3 - o**2 + 3. Let j be w(3). Suppose -h + 18*n + j = 20*n, -5*h = 5*n - 4405. What is the hundreds digit of h?
8
Let r(s) = 8*s**2 + 35*s - 9. Let y be r(-11). Suppose 2*x - 4*b - 1256 = 0, -2*b + 1294 = 3*x - y. What is the hundreds digit of x?
6
What is the tens digit of -17 + (-66)/(-3) + 47908?
1
Let b = 3733 + -2919. What is the hundreds digit of b?
8
Let m(j) = 23*j**2 + 4*j - 9. Suppose -21*v + 21 = -63. What is the tens digit of m(v)?
7
Suppose 441*y - 4124953 - 2676689 = 368136. What is the units digit of y?
8
Let d(r) = -r**3 - 13*r**2 - 10*r + 23. Let p be d(-12). Let w(x) be the third derivative of -43*x**4/24 + x**3/2 + 3*x**2. What is the units digit of w(p)?
6
Suppose 0 = -h + 2*g + 10, -3*h = -4*h - 5*g - 11. Let a = 3 - 3. Suppose -4*q + c + 174 + 147 = a, 0 = h*q + 2*c - 306. What is the tens digit of q?
7
Suppose -2*v + u - 12 = 4*u, v = -2*u - 4. Let m be (-1574)/6 + ((-64)/v - 5). Let p = 397 + m. What is the units digit of p?
5
Suppose 78300 = 48*q - 3*q. What is the tens digit of q?
4
Let h = -32 - 21. Let o = 57 + h. Suppose 110 = -o*y + 734. What is the tens digit of y?
5
Let b = -256 - -263. Let p(r) = 18*r**2 + 17*r + 11. What is the units digit of p(b)?
2
Suppose v = -u + 6, -5*v + 5*u - 6 + 46 = 0. Let t(c) = 28*c**2 + 27*c - 134. What is the units digit of t(v)?
7
Let d(a) = 18*a + 1. Let h(x) = -37*x. Let w(u) = 5*d(u) + 2*h(u). Let p be w(-6). Let k = p - -261. What is the units digit of k?
0
Suppose 3*t + 5*j - 8571 = 0, -26*t = -31*t - j + 14307. What is the thousands digit of t?
2
What is the units digit of -4*(3*(-4626)/24 - -4)?
7
Suppose -80*u + 118922 = 17*u. What is the tens digit of u?
2
Suppose -4*w + 5 = -3*w + 3*t, -4*t + 4 = 0. Suppose -4*u + 853 = -h + 4*h, 5*h = -w*u + 1431. What is the hundreds digit of h?
2
Suppose 0 = -7*t + 598 + 123. Suppose 0*g - g - t = 3*j, 394 = -4*g - 3*j. Let h = g - -192. What is the tens digit of h?
9
Let b = -1664 + 2357. Suppose -2*p - 4 = -315*s + 317*s, -16 = 3*s + 5*p. Suppose s*i - 10*i + b = 0. What is the units digit of i?
9
Let u(h) be the second derivative of -h**3 - h**2 + 7*h. Suppose -21*c - 60 = 66. What is the tens digit of u(c)?
3
Suppose 0 = t - 175 - 158. Let g(y) = -4*y**2 - 111*y + 32. Let n be g(-28). Suppose 81 = -n*a + t. What is the units digit of a?
3
Let z(l) be the third derivative of -l**4/6 - 7*l**3/2 - l**2. Let m be z(-6). Suppose -m*b + j = 4*j - 222, 149 = 2*b + 3*j. What is the units digit of b?
3
Let c(s) = 8*s**2 + 45*s - 10. Let h be c(-6). What is the units digit of 157776/216 - h/18?
0
Suppose -2*s - 3*s + 5 = 0. Let a be 244/8 - 1*s/2. Let x = 67 + a. What is the tens digit of x?
9
Suppose 2*f + p = 65, 0*f + 3*f - 93 = -3*p. Suppose 2*z = 3*t + 57, -5*z - 5*t + 9*t + 139 = 0. Let b = f + z. What is the tens digit of b?
6
Let j(v) = -3*v + 13. Let r be j(-6). Let l be (125/(-20)*2)/(2/(-4)). Suppose -l*i - 84 = -r*i. What is the tens digit of i?
1
Suppose 2*k - 3970 = -2*o, -2*o + 6*o = 4*k - 7964. What is the thousands digit of k?
1
Suppose -38*a + 26987 = -425061. What is the tens digit of a?
9
Suppose -8*w = -9*w - 37. Let r = w - -204. Let z = r + -80. What is the units digit of z?
7
Suppose -4*u + 224 = -1108. Suppose -3*o = -0*o + f - 1012, 0 = -o + 4*f + u. Let d = o + -161. What is the units digit of d?
6
Let m(c) = -c**3 - 33*c**2 - 39*c + 50. Let i be m(-32). Suppose -301*l - i = -302*l. What is the tens digit of l?
7
Let z(c) = 35*c**2 + 3*c. Let o be z(3). Suppose -14*s + 11*s + o = 0. What is the hundreds digit of s?
1
Suppose 0 = -a + 2*c + 343, 0*a - 5*a = 3*c - 1702. Suppose -a = -k + 829. What is the thousands digit of k?
1
Let b(h) = -234 + 265 - h + 14*h. What is the hundreds digit of b(13)?
2
Let f(l) = 81*l**2 + 108*l - 25. What is the hundreds digit of f(7)?
7
Suppose 3*w - 9 - 2 = -2*h, 2*w - h = -2. Let c(t) = 3*t**2 + w + 7 - 3 - 2*t. What is the hundreds digit of c(-6)?
1
Suppose -30*u = -205*u - 86*u + 8255169. What is the hundreds digit of u?
6
Suppose 3*o = 3*t + 24, 3*o + t = -t + 39. Let k = 11 - o. Suppose k = 4*q - 48 + 8. What is the units digit of q?
0
What is the tens digit of 1164835/490 + (-9)/42?
7
Suppose -21*p + 19*p - 2*k = -24194, -4*k = p - 12076. What is the hundreds digit of p?
1
Suppose -4*d + 392 = -0*d - 4*k, -4*k - 4 = 0. Suppose -d = 4*r - 877. What is the hundreds digit of r?
1
Let x(y)